f -6632*(2/(-8))/(33/66)?
2, 829
Let m(o) = -19*o + 1085. What are the prime factors of m(16)?
11, 71
Suppose -19368 = -11*y + 29*y. Let x = y - -2023. List the prime factors of x.
947
Let m(g) = -g**3 - 23*g**2 + 4*g + 40. Let u be m(-17). Let o = u + 2879. What are the prime factors of o?
1117
What are the prime factors of 1465530/180 - (-1)/6?
2, 3, 23, 59
Suppose 5*y - i - 5 = 0, 2*y - 3*i - 15 = 7*y. Suppose 3*t - 21 + 6 = y. Suppose -113 = -t*g + 437. List the prime factors of g.
2, 5, 11
Let z = -299 - -303. Suppose -z = 4*r, 5*r - 4638 = -4*y + 7*r. What are the prime factors of y?
19, 61
Let i(g) be the third derivative of -g**6/120 - g**5/15 - g**4/4 - g**3/2 + 17*g**2. Let o be i(-2). What are the prime factors of (o*19)/(1 - 0)?
19
Let r(b) = 12646*b**2 + 83*b - 5. List the prime factors of r(-2).
11, 4583
List the prime factors of (-2)/((10 - 2)/25808*-2).
2, 1613
Suppose n = 17*n - 12528. Suppose q - 4*q + 3*l = -n, 0 = 2*q + 4*l - 546. What are the prime factors of q?
5, 53
Suppose -3*n + 3004 = 4*v - 749, -5*v - 2*n = -4693. Let d = -586 + v. List the prime factors of d.
353
Let q = -43473 + 61431. What are the prime factors of q?
2, 3, 41, 73
Let y = 4973 + 12132. What are the prime factors of y?
5, 11, 311
Let s(p) = 2*p**3 - 4*p**2 + 6*p. Let v be (-28)/70*(-8 - 2). Let b be (-99)/(-21) + v/14. List the prime factors of s(b).
2, 3, 5
Let g be (114/27*-3)/(1/(-81)). Suppose 2*m + 5*f - g = 6*m, 2*f = 3*m + 766. Let o = 398 + m. What are the prime factors of o?
2, 3
Suppose -5*q = -5*x + 2035, -4*q = -8 - 0. Let u be (-24)/(-36)*-363 + 8. Let c = x + u. What are the prime factors of c?
5, 7
Let c(s) = s + 4. Let t be c(0). Let n = 42 + -42. Suppose -t*z + 55 + 113 = n. List the prime factors of z.
2, 3, 7
Let s(y) = -9*y - 135. Let j(n) = -14*n - 204. Let a(w) = -5*j(w) + 7*s(w). List the prime factors of a(12).
3, 53
Let c be 2506/3 + (7/21)/(-1). Let n = 1209 - c. Let x = n + -228. List the prime factors of x.
2, 73
Suppose 7*g + 11*g + 142604 = 32*g. List the prime factors of g.
2, 11, 463
Let d(m) = 9*m**2 + 126*m - 57. What are the prime factors of d(-46)?
3, 4397
Suppose 0 = -9014*z + 9000*z + 610568. What are the prime factors of z?
2, 10903
Let y = -1725 + 1105. Let v = 934 + y. What are the prime factors of v?
2, 157
Let z(o) = -o**2 + 21*o + 5. Let j = -39 + 44. Suppose -j*x + 2*l + 113 = 0, -5*l = -x - 2*l + 33. List the prime factors of z(x).
5
Let k be (-6826)/(-1) - (18 + -7 - 16). Suppose -25089 = -35*w + k. What are the prime factors of w?
2, 3, 19
Let k = -2042 + 10242. List the prime factors of (k/(-80))/(3/(-6) - 0).
5, 41
Let s be ((-34)/(-4) + -2)*4. Let f(c) = 6*c - 138. Let w be f(23). Suppose w = -s*o + 11*o + 360. What are the prime factors of o?
2, 3
Suppose 0 = 6*x - 10 - 8. Suppose -x*r + 114 = 3*m, -3*m + 6*m - 110 = -r. Suppose 5*b = -0*u + 4*u - 99, -u = b - m. List the prime factors of u.
31
Let a(s) = -12 - 8*s - 15*s - s**2 - 80 - 16 - 18*s. What are the prime factors of a(-32)?
2, 3, 5
Let p(m) = 7*m**2 - 13*m - 205. Let h(i) = -8*i**2 + 15*i + 205. Let n(u) = -5*h(u) - 6*p(u). What are the prime factors of n(0)?
5, 41
Let d be -2*(-3)/(-10)*-5. Suppose -3*j = d*s - 27, j - 9 = 2*j - 5*s. Suppose 0 = 2*u + 3*a - 56, -u = -3*a - j - 4. What are the prime factors of u?
2, 11
Let t(s) = -s. Let b(w) = -7*w - 8. Let y(k) = b(k) - 2*t(k). Suppose 0 = -3*u + 3*d - 42, 4*u + 2*d = -1 - 25. What are the prime factors of y(u)?
37
Suppose 26*k = 6*k + 700. Let d be (-8670)/k + 6/(-21). Let f = -103 - d. List the prime factors of f.
5, 29
Suppose 301596 = -107*x + 230*x. List the prime factors of x.
2, 613
Suppose 0 = 691*t - 354*t - 361*t + 1439160. List the prime factors of t.
5, 67, 179
Let c = 20982 + 3127. List the prime factors of c.
24109
Let p(l) = 47*l**2 + 43*l + 223. What are the prime factors of p(-25)?
11, 2593
List the prime factors of (6*78/(-45))/((-35)/35525).
2, 7, 13, 29
Suppose 25*a + 8016 = 41*a. Let i = 773 - a. What are the prime factors of i?
2, 17
Suppose 0 = 3*k - 2*b - 12634, 0 = -5*b + 29 - 9. What are the prime factors of k?
2, 7, 43
Let o = -28 + 22. Let f be ((-30)/(-4))/((o + -1)/(-210)). List the prime factors of (4/(-6))/(2 - 452/f).
3, 5
Let a = 1757 - 1073. Let w = 836 - a. What are the prime factors of w?
2, 19
Let j = -21 - -37. Suppose -v + j = 2*s, -2*v + 11 = 5*s - 30. Suppose s = -3*t, -154 = -2*n - 5*t + t. List the prime factors of n.
83
Let f(c) = 376*c - 1508. What are the prime factors of f(26)?
2, 3, 13, 53
Suppose q + 11*b = 6*b + 16770, -3*q + 50364 = -3*b. List the prime factors of q.
3, 5, 373
Let x(w) = 133*w - 6916. Let c(y) = -11*y + 576. Let j(z) = 49*c(z) + 4*x(z). What are the prime factors of j(0)?
2, 5, 7
Let p = -30626 - -56179. List the prime factors of p.
11, 23, 101
Suppose -259*p + 260*p - 4*q = 33675, 168249 = 5*p + q. What are the prime factors of p?
3, 3739
Suppose 1665 = 2*l - 5383. Suppose -h - 4391 = -5*o, -5*o + l = -o + 2*h. List the prime factors of o.
3, 293
What are the prime factors of 5/180*12*72477?
3, 8053
Suppose -634 - 1139 = -3*h - 4*b, 9 = -3*b. Suppose -3*w - h = -2*z, -5*z = w + 144 + 26. What are the prime factors of (-3)/(-6) + w/(-2)?
2, 7
Suppose -5*b + 30243 = 4*p, 5*p + 7509 = -2*b + 45317. What are the prime factors of p?
2, 19, 199
Let x(s) = -8*s - 105. Let z be x(-15). Suppose -5*r = c - 171, 10*c + 768 = z*c - 4*r. What are the prime factors of c?
2, 3, 13
What are the prime factors of -20 + -11*291393/(-99)?
13, 19, 131
Let p(t) = -1097*t - 20. Let j be p(-13). Suppose -j = -8*i - 5489. What are the prime factors of i?
2, 547
Suppose 3*v - 9 = 27. Let y be (2 + (-16)/6)/(v/(-90)). Suppose k + 3*u - 1 - 140 = 0, 5*k - 725 = y*u. What are the prime factors of k?
2, 3
Let j(p) = 27*p - 49 + 41*p - 60*p. What are the prime factors of j(16)?
79
Let a be (-170)/(-20)*(-18)/(-3). Let o(i) = 6*i**2 - 46 - 2*i**2 + 3*i**3 + a + i + 0*i. List the prime factors of o(3).
5
Suppose -1020 = 65*t - 69*t. Let i = t + -208. List the prime factors of i.
47
Suppose 10*j = 19*j. Suppose j = -5*y + y + 140. Let k = y + -32. List the prime factors of k.
3
Let d(p) = p**3 + 9*p**2 + 8*p - 2. Let b be d(-8). Let z(v) = 8*v**3 + 5 - 10*v**3 + 4*v**2 + 5*v - 16*v**3. What are the prime factors of z(b)?
5, 31
Suppose 512 = 5*g - 1968. Suppose -24*i + 24824 = -g. What are the prime factors of i?
5, 211
Suppose 11*l - 16*l - 4*h = -125461, l + 2*h = 25097. List the prime factors of l.
3, 8363
Let j = 602 - 557. Suppose j*s - 90861 = -29661. What are the prime factors of s?
2, 5, 17
Suppose 0 = 97*i - 419034 + 85885 - 369519. List the prime factors of i.
2, 1811
Let v(s) = -1263*s + 70. Let t be v(-4). Suppose 5*z - t = 108. List the prime factors of z.
2, 523
Suppose 0*n + g - 1187 = -5*n, 3*n = 4*g + 726. Suppose 5*h = 2*f - n, -4*f + 366 = -f - 3*h. Suppose y - f + 29 = 0. What are the prime factors of y?
5, 19
Suppose -8*k + 123 = 11. Suppose k*n - 5396 - 9570 = 0. What are the prime factors of n?
1069
Suppose 0 = -12*u + 9*u + a + 40556, 0 = 3*u + 4*a - 40546. What are the prime factors of u?
2, 3, 751
Let a be ((-81)/(-21) + -3)*42. Suppose y + a = -5*y. List the prime factors of 846/(-3)*2/y.
2, 47
Suppose 5*g = 4*h + 2493, -2*h - 5*g - 2483 = 2*h. Let z = h + 1105. List the prime factors of z.
3, 7, 23
Let g(c) = c**3 + 13*c**2 + 12*c + 4. Let s be g(-12). Let n(x) = 8*x + 21 + 10 - 37. List the prime factors of n(s).
2, 13
What are the prime factors of -2*(32/(-4) + 6 + (-11 - 9029))?
2, 3, 11, 137
Let t be 0*((-250)/30 - -8). Suppose 40*q - 12*q - 3304 = t. What are the prime factors of q?
2, 59
What are the prime factors of 278496/132 + (16/88 - 0)?
2, 5, 211
Suppose -5*l = 2*t - 8*l - 19651, 3*l - 49075 = -5*t. List the prime factors of t.
2, 4909
Suppose 0 = -4*g - 3*x + 11, 27 = 4*g - 2*x + 1. Suppose 50 = 2*t - 3*d - 1424, 0 = g*t - 5*d - 3690. What are the prime factors of t?
2, 5, 37
Suppose a - 5*s - 8009 = 0, 8*a - 12*a - 2*s + 31970 = 0. What are the prime factors of a?
2, 7, 571
Let b(z) = 10*z - 48. Let j(d) = 12*d - 48. Let w(p) = -5*b(p) + 4*j(p). Let l(c) = -4*c - 3. Let a be l(3). What are the prime factors of w(a)?
2, 3, 13
List the prime factors of ((-49)/(-7) - 217)/(9/(-978)).
2, 5, 7, 163
Let j(o) = -